(3 + 2) is divided by o.
3
Suppose -6 = 5*j - 141. Let w = j + 9. Let m = -18 + w. Calculate the remainder when 51 is divided by m.
15
Let f(s) = -4*s + 8. What is the remainder when 28/(-70) + (-547)/(-5) is divided by f(-5)?
25
Let f(r) = 5*r - 5. Let y be f(2). Let c be 33/15 - 1/y. Suppose 2*o = -4*q + 78, 5*o = c*q - 0*q + 171. What is the remainder when o is divided by 19?
16
Let u = -65 - -145. Suppose -29*g + 1165 = 382. Calculate the remainder when u is divided by g.
26
Suppose -175 = -3*h + 5*n, 2*h + 2*n = 7*h - 298. What is the remainder when 232 is divided by h?
52
Calculate the remainder when 305 is divided by -12 + 8 + (-224)/(-4).
45
Let p = -545 + 735. Calculate the remainder when p is divided by 16.
14
Let o(p) = 30*p**2 + p + 0 + 5 - 7*p - 29*p**2. Let d be o(6). Suppose 5 + d = z. What is the remainder when 47 is divided by z?
7
Let a = -95 + 97. Let v = -3 + 4. Calculate the remainder when (1 + v)/(-1) + 5 is divided by a.
1
Suppose 0 = 43*s - s - 8190. What is the remainder when s is divided by 34?
25
Let h be 6*(68/6 + 3). Calculate the remainder when (h/5)/(4/10) is divided by 11.
10
Let s(o) = -21*o**2 - o - 1. Let r(z) = z**2. Let i(u) = 5*r(u) + s(u). Let t be i(-1). Let q = t - -30. What is the remainder when 26 is divided by q?
12
Let a = 15 - -11. Let i(b) = -b**3 - 9*b**2 - 12. Let x be i(-10). What is the remainder when a is divided by x/10 + (-6)/(-30)?
8
Let o = -20 - -28. Suppose -2*m - a + 4 + 71 = 0, 72 = 2*m - 2*a. What is the remainder when m is divided by o?
5
Let r be -15 - 2 - (-10)/5. Calculate the remainder when 49 is divided by 10/r*-21 + -1.
10
Suppose -912 + 730 = -2*r. What is the remainder when r is divided by 34?
23
Suppose -5*a = 4*d - 50, -5*a + a = d - 40. Let n = 26 - a. What is the remainder when 4/(-20) - (-604)/20 is divided by n?
14
Suppose 4*t - 17 + 5 = 0. Suppose 0 = -3*a + 2*c + 20, 3*a - t*c - 13 = 2. Calculate the remainder when 38 is divided by a.
8
What is the remainder when (-9 + (-7)/1)/((-2)/4) is divided by 19?
13
Let o(f) = 3*f + 4. Let k(b) = -3*b - 3. Let g(q) = 5*k(q) + 4*o(q). Let c be g(-5). Suppose 16 + c = 2*p. Calculate the remainder when 31 is divided by p.
15
Let a(q) = -q + 9. Let b = -73 - -76. Suppose 4*u = -8, 0 = -2*l - b*u - 7 + 17. What is the remainder when l is divided by a(6)?
2
Suppose -9*p + 0 = -18. Suppose -p = -3*a + 16. Calculate the remainder when 16 is divided by a.
4
Let t = -383 + 405. Calculate the remainder when 82 is divided by t.
16
Let f(p) = p + 28. Let a(q) = q**2 - q + 28. Calculate the remainder when a(-10) is divided by f(0).
26
Let q = -145 - -155. What is the remainder when 78 is divided by q?
8
Let l(r) = r**2 - 9*r + 10. Let f be l(8). Suppose -2*b - 5 = -a, -b + 0*b = f*a. What is the remainder when (-4)/(b/(-1)) + 22 is divided by 7?
6
Suppose -2*j = -j + 134. Let c = -61 - j. Let y = 2 - -17. Calculate the remainder when c is divided by y.
16
Let s be (-2 - -3)/(1/5). Suppose -s*o = 3*x - 58, -5*x = -0*x - 5*o - 30. Suppose -4*y + 67 = -17. Calculate the remainder when y is divided by x.
10
Let r(o) = -30*o - 17*o - 1 - 2 - 4*o**2 + 15*o. Calculate the remainder when 70 is divided by r(-7).
20
Suppose 4*a - 75 = -a. Let j(v) = 2*v**2 - 8*v + 3. Let z be j(12). Suppose z = 4*i + 19. What is the remainder when i is divided by a?
14
Suppose 512 = 28*q - 1476. Calculate the remainder when 278 is divided by q.
65
Suppose -40 + 4 = -4*a. Let o be 2/4 - (-6)/4. What is the remainder when a is divided by (-19)/(-7) - o/(-7)?
0
Let r(o) = o**2 + 11*o + 12. Let d be r(-7). Let t = d + 30. Suppose -12*w - 40 = -t*w. Calculate the remainder when 59 is divided by w.
19
Calculate the remainder when 201 is divided by ((-7)/(-21))/((133/252)/19).
9
Let f be (-18 - -16) + 0*(0 + -1). Calculate the remainder when 42 is divided by 5/((-40)/92)*f.
19
Let n(h) = h**2 + 5*h - 2. Let z be n(-6). What is the remainder when 40 is divided by 17/((8/z)/2)?
6
Suppose c = -4*m + 35, -5*m + 3*c + 48 = -0*m. Calculate the remainder when 152 is divided by m.
8
Let t = 11 + 1. What is the remainder when (-1 - -96) + t + -14 is divided by 19?
17
Suppose 3 = 3*p + m, -6*p - 5*m = -2*p + 7. Suppose 0 = -p*y - 2*y + 12. Let z = -28360 + 28372. What is the remainder when z is divided by y?
0
Suppose 100 - 370 = -9*z. Calculate the remainder when z is divided by 16.
14
Suppose 16*a - 3880 - 5256 = 0. Calculate the remainder when a is divided by 97.
86
Let s(v) = v**3 - 16*v**2 - 156*v + 12. What is the remainder when 359 is divided by s(23)?
105
Suppose 0 = -r - 4, -5*b + 6 = 3*r - 2. Calculate the remainder when 173 is divided by b.
1
Let h(m) = m**2 - 15*m - 23. Let w(x) = 1. Let o(j) = -h(j) - 5*w(j). What is the remainder when o(16) is divided by 1?
0
Let f(x) = -x**2 - 1. Let i(s) = -6*s**2 - 3*s. Let q(r) = 3*f(r) - i(r). Let z = -26 + 23. What is the remainder when 72 is divided by q(z)?
12
Suppose 10 = -6*v + 8*v, 5*n = 4*v + 275. What is the remainder when n is divided by 28?
3
Let d(x) = -58*x + 634. What is the remainder when 539 is divided by d(10)?
53
Suppose -2*c - 2*t + 0*t + 8 = 0, -t + 9 = 2*c. Let h = 8 + c. Suppose 4*k = 2*k + 16. Calculate the remainder when h is divided by k.
5
Suppose 36*r - 283 = 653. Calculate the remainder when 102 is divided by r.
24
Suppose 2*u - 26 = -4*t, -1 = -2*t - 4*u + 3. Suppose -17 = -5*d + t. Let v(y) = y**2 - 13*y - 13. What is the remainder when v(15) is divided by d?
2
Let t = -124 - -267. Suppose 29 - t = -3*v. Calculate the remainder when v is divided by 8.
6
Suppose -4*p + 553 = 4*x - 219, -4*p = -12. Suppose 4*u - 6*u = 4*g - x, 5*g + 4*u = 239. Calculate the remainder when g is divided by 8.
7
Let u be -4 + 2/2 + 5. Suppose 2*n = 5*f + 39, -3*n + f + 24 = -15. What is the remainder when (u/(-4))/(((-2)/(-184))/(-1)) is divided by n?
10
Suppose -145 = -w - 105. What is the remainder when 116 is divided by w?
36
Let t(m) = 3*m**2 + 111*m + 119. Calculate the remainder when 76 is divided by t(-36).
10
Let j = -8 - -21. Let z(o) = o**2 + 3*o + 11. Let x be z(-5). Suppose 3*m - 48 = x. Calculate the remainder when m is divided by j.
10
Suppose 2*a - 192 = 2*t, 268 = 5*a + t - 224. Calculate the remainder when a is divided by 24.
2
Let p(u) = 6*u**2 + 2*u - 1. Let b be p(2). Suppose -b = k + 2*k. Let r(m) = -m**3 - 8*m**2 - 7. Calculate the remainder when r(k) is divided by 19.
17
Let d(g) = -3*g**2 + 3*g + 3. Let p be d(-4). Let j(q) = -3*q + 19. Let a be j(13). Let k = a - p. What is the remainder when k is divided by 19?
18
Suppose -3*m - 4*x + 37 = 0, x + 13 + 4 = m. Suppose 0 = -i + 1 + 20. Calculate the remainder when i is divided by 2/m + (-236)/(-30).
5
Let j = 4 - 0. Let s(r) = r**3 - 25*r**2 - 29*r + 81. Calculate the remainder when j is divided by s(26).
1
Let g(k) = 524*k**2 + 7*k + 8. Calculate the remainder when g(-1) is divided by 33.
30
Let u = -61 + 89. Suppose 0*w + 2*w = 30. What is the remainder when u is divided by (w/2)/((-9)/(-12))?
8
Suppose l = -2*l. Suppose l*b - 3*b = 0. Suppose -40 = -4*j - 3*n, -j + 3*n + 0 + 10 = b. What is the remainder when 19 is divided by j?
9
Suppose -o = -0 + 3, j - o - 13 = 0. Calculate the remainder when 3312/176 + ((-6)/(-11))/3 is divided by j.
9
Suppose 0 = -9*q + 4*q + m + 82, 10 = -5*m. Calculate the remainder when 154 is divided by q.
10
Let t = 11 + -5. Suppose -3*p - t = -42. Calculate the remainder when 20 is divided by (-3)/(-9) + 140/p.
8
Let h(i) be the first derivative of i**3/3 - 9*i**2/2 + 9*i - 4. What is the remainder when -2*((-1)/1 + -7) is divided by h(9)?
7
Suppose 4*w = 16, 2*n + 2*w = -2*n + 324. What is the remainder when n is divided by (-189)/(-9) + (-4 - 1)?
15
Let f be (-4)/(-6)*348/(-8). Let k = -14 - f. Let s = k - 11. Calculate the remainder when 15 is divided by s.
3
Let q(w) = w**3 + 5*w**2. Let f be q(-5). Calculate the remainder when 1 is divided by 0 - (1 + f) - -2.
0
Suppose -4 = 4*v - 3*z - 90, -2*z + 50 = 2*v. Suppose -3*k = -v - 130. Calculate the remainder when k is divided by 13.
12
Suppose -4*j - 2*g - 70 = 0, -g = -j + 2*g. Let m = 33 + j. What is the remainder when 69 is divided by m?
15
What is the remainder when 20/25 + -1*843/(-15) is divided by 3 + (-5 - -3) + 10 - 1?
7
Let s be ((-15)/(-9))/((-2)/12). Ca